20)). What is v(n)?
7
Let p be 30/(-2) - 2/(-1). Let d(s) = s**3 - s**2 + s - 7. Let b(w) = -w**3 + 2*w**2 - 2*w + 15. Let r(o) = p*d(o) - 6*b(o). Determine r(1).
-6
Let j(k) = 0*k**2 - 4*k - 6 - k**2 + 2*k**2. Let a be (25/20)/(2/8). Let u be j(a). Let z(o) = o**2 + 2*o + 1. Determine z(u).
0
Let s = 25 - 18. Suppose -3*z = -z + 3*t - s, -5*z - t - 2 = 0. Let g(k) = -10*k**3 - k**2 + 2*k**2 + k + 0*k**2. Calculate g(z).
10
Let m(y) be the first derivative of -y**3/3 - 4*y**2 - 7*y + 20. Determine m(-6).
5
Let z(x) = x. Let o be z(-4). Let r(w) = w + 9. Let q be r(o). Let l(g) = -q*g - 3 + 2*g + 2. Determine l(-1).
2
Let t(p) = -p**3 + 4*p**2 - 2*p. Let v = -21 - -24. Let s be 2/v - 90/(-27). Determine t(s).
-8
Let a(b) = b**3 - 8*b**2 - 10. Let y be (18/45)/(1/20). Determine a(y).
-10
Let b(p) = p**3 - p + 2. Let k(y) = y**3 + y**2 - 2*y + 2. Let c(u) = 4*b(u) - 5*k(u). Determine c(-6).
-2
Let r(s) be the third derivative of s**6/120 + s**5/20 + s**4/24 - 2*s**3/3 + 36*s**2. Let v(b) = -b**3 + 4*b**2 - 3. Let d be v(4). Calculate r(d).
-7
Suppose 7*o - 35 = 2*o. Suppose -3*u - 15 = 0, 5*c - 5*u - 11 = o*c. Let b = 2 - c. Let w(v) = -v**3 - 6*v**2 - 7*v - 4. Determine w(b).
6
Let p(n) = n**3 + 3*n**2 - 3*n - 3. Let g be p(-2). Suppose 0 = -5*x + g - 37. Let i(a) be the second derivative of a**3/6 + 4*a**2 - 12*a. Give i(x).
2
Let z = 20 + -20. Let y(q) = q + 6. Calculate y(z).
6
Let j(n) = -9*n + 5. Let g(x) = -3 + 1 + 3*x + 0. Let i(h) = 8*g(h) + 3*j(h). Let p be (-2)/(-6)*3 - 0. Calculate i(p).
-4
Let f(y) = -2*y - 1. Suppose 3*d + 4*b = 10, -b - 11 = -4*d - 4*b. Let n be f(d). Let c(g) = 2*g - 2. Give c(n).
-12
Let i(a) = a**2 - 6*a + 7. Let h be (-5)/(5/(-4)) - -1. What is i(h)?
2
Suppose 5*u = 2*u + 6. Let s(l) = 2*l**2 + l + 4. Let q(i) = i**2 + 2. Let p(k) = u*s(k) - 5*q(k). Calculate p(3).
-5
Let g(l) be the third derivative of l**6/120 - l**5/12 + l**4/6 + l**3/3 + 38*l**2. Determine g(4).
2
Let n(l) = -l**3 + l**2 - l + 8. Let z = -24 - -24. What is n(z)?
8
Let i(u) be the second derivative of -1/6*u**4 + 1/5*u**5 - 1/2*u**2 + 1/3*u**3 + 0 - u. Suppose -5*x = 2*y - 17, 2*y + x - 2 = 3. Calculate i(y).
3
Let c = -9 - -10. Let i(x) = -x + 1. Let y(j) = 2*j - 3. Let s(a) = c*y(a) + 3*i(a). Determine s(5).
-5
Let m(i) = 7*i**2 + 5*i + 6. Let b be m(-1). Let g(l) = -l**3 + 7*l**2 + 6*l + 11. Determine g(b).
-5
Let z(p) be the second derivative of 0 + 7/6*p**3 + 2*p**2 + 1/12*p**4 + 4*p. Let x(y) be the first derivative of z(y). Determine x(-5).
-3
Let j(s) = -s**3 - s**2 - 2. Let k be j(-2). Let o(t) = 4*t**2 - 9 + t**3 - 5*t**k + 2*t - 3*t. Calculate o(0).
-9
Let w(l) = l**2 + 5*l + 6. Let r(y) = y**2 - 7*y. Let c be r(7). Suppose -4*f = -2*u - 2, 2*u + 4*f = -c*u - 18. What is w(u)?
6
Let z(n) = -5*n**2 - 7*n + 11. Let f(u) = 9*u**2 + 14*u - 21. Let d(p) = 4*f(p) + 7*z(p). What is d(-5)?
-17
Let g = -12 + 19. Let s(c) = c**2 - 5*c - 10. Calculate s(g).
4
Let p(y) = y + 2 + 2*y**3 + y**2 + 1 - y**3. Let j = 10 + -6. Suppose 16 = 4*w - 5*w - j*r, 4*w + 3*r = -12. Give p(w).
3
Let c(w) = w**3 - 3*w + 5. Let d(u) = -3*u**3 - u**2 + 9*u - 16. Let n = -9 - -10. Let t be n/(15/(-7) - -2). Let y(h) = t*c(h) - 2*d(h). What is y(3)?
-3
Suppose 0*b - 5*b + 140 = 0. Suppose 0 = -5*n + 2 + b. Let u(q) = q - 4. Give u(n).
2
Let v(j) = -j**2 + 5*j + 8. Let o be v(6). Let z be (o - -1)*7*-1. Let s be 2/7 + (-15)/z. Let c(p) = 2*p**2. What is c(s)?
2
Let w = 0 + 2. Suppose 5*c - 4*r - 16 = -0*c, 8 = -2*c - w*r. Let q(i) = -i - 6. Determine q(c).
-6
Let g(y) be the first derivative of y**3/3 + 3*y**2/2 - 3*y + 42. Calculate g(-3).
-3
Let r = -6 + 10. Let w(y) = -4 + y - r*y + 2*y - 2*y. Suppose 4*i = 5*i + 3. Give w(i).
5
Let a = -22 + 17. Let z(j) be the second derivative of -j**3/6 + j**2/2 - 2*j. Give z(a).
6
Let p(x) = x**2 + x - 6. Let c be p(0). Let g(b) = b + 14. What is g(c)?
8
Let x(k) be the first derivative of k**3/3 + 7*k**2/2 + 3*k + 3. Suppose 5 = -3*l - 10. What is x(l)?
-7
Suppose -3*a + 15 = 2*a. Let h(k) = 11*k**2 - 6*k + 3. Let o(c) = -7*c**2 + 4*c - 2. Let s(f) = -5*h(f) - 8*o(f). Calculate s(a).
4
Let n(z) = -5*z**2 - 9. Let b(t) = -3*t**2 - 4. Let i(h) = -9*b(h) + 4*n(h). What is i(-1)?
7
Let i(v) be the first derivative of -2*v**3 + v**2/2 + v - 1. What is i(-1)?
-6
Let y(k) = -k - 3. Let b(h) = h + 2. Let l be b(-9). What is y(l)?
4
Let u be 6 + -2 + (-1 - -1). Let a(f) be the first derivative of f**4/4 - 4*f**3/3 + 3*f + 6. Let z be a(u). Let t(x) = 3*x - 4. Calculate t(z).
5
Let f(q) = q**3 - 5*q**2 + 6*q - 4. Let t be f(4). Let r(j) be the second derivative of -j**3/6 + 3*j**2/2 - 6*j. Give r(t).
-1
Let k(n) = -72 - 18*n + 71 - n. Determine k(1).
-20
Let r(t) = t**3 + 2*t**2 - 2*t. Suppose -6*z + 2 = 20. Give r(z).
-3
Let v(w) = -w**2 + 1. Let d(n) = -5*n**2 + 7*n - 20. Let u(k) = d(k) - 2*v(k). Let q(r) = -r**2 + 2*r - 7. Let t(j) = 7*q(j) - 2*u(j). Calculate t(0).
-5
Let t(n) = -n + 4. Suppose -3*g - 4*c = 8 + 8, -c = -g - 3. Give t(g).
8
Let j(t) be the second derivative of -1/2*t**3 + 0 - 3/2*t**2 + 1/12*t**4 - t. Calculate j(3).
-3
Let q be (-2)/6 + (-4 - (-20)/6). Let g(z) = -8*z + 1. What is g(q)?
9
Let m(u) = 6*u**2 - u + 1. Suppose -2*h - 3*h = -10. Suppose 0*a = -h*a + 2*v + 2, -v = a - 1. What is m(a)?
6
Suppose 0 = a + 3*a + 4. Let b(d) = -3*d - 1. Let o be b(a). Let n(i) be the first derivative of -i**4/4 + 4*i**3/3 + i**2 - 3*i - 1. Calculate n(o).
9
Let o(x) = -4*x - 12. Let w be o(-3). Let s(v) = -v**3 - 5*v**2 - 2*v - 7. Let q be s(-5). Let y(i) = -3*i**2 - 5 + q*i**2 - i + i**3 - i**2. Calculate y(w).
-5
Let q be (-3)/18*3/(-6). Let s(w) be the second derivative of -w**3 - 7/2*w**2 + 0 + 2*w - q*w**4. Give s(-5).
-2
Let a be 2*6*4/16. Suppose a*l + 10 = -5. Let n(r) = -r**2 - 3*r + 7. Calculate n(l).
-3
Let h(o) = -5*o - 2. Suppose -5*y = -5*k - 7 + 22, -1 = y + k. What is h(y)?
8
Let u(f) = f - 9*f + 1 + 5*f - 4*f**2. Calculate u(2).
-21
Let q(p) = -p**2 + 3*p + 7. Let x be 0 - (-5 + 0/3). Calculate q(x).
-3
Let u be 5*(1 - (-1)/(-5)). Suppose -4*k = -5*n - 29, 4*k + 5 = u*n + 29. Let b(m) = -m - 3 + m**3 - 4 + 5 + 3. Determine b(k).
1
Let k be (8/6)/(4/(-18)). Let f(g) = -10*g + 5*g - g**2 + 3 + g. Determine f(k).
-9
Let o(k) = -3*k. Let d be 0 - (-4)/(-1) - (-12 + 9). Give o(d).
3
Let t be (-9)/36 + 63/12. Let h(p) = p**3 - 5*p**2 + p. Determine h(t).
5
Let l(t) = 5*t + 4. Let k(p) = 8 - 4*p**2 + 10*p + 5*p**2 - 3*p**2 + p**2. Let g(z) = -2*k(z) + 5*l(z). Calculate g(-3).
7
Let h(n) = n. Suppose 0 = 2*s - 3*m + 10 - 4, -2*s + 18 = 3*m. Let u be -2*-2*(-7)/(-4). Let r = s - u. Calculate h(r).
-4
Let n(f) = -f. Let z(s) = -s**3 + s**2 - s + 2. Let a(o) = -4*n(o) + z(o). Let c(t) = t**3 - 8*t**2 - 9*t + 3. Let w be c(9). Determine a(w).
-7
Let v = 0 + 1. Let k(f) be the third derivative of -7*f**5/60 + f**4/24 + 10*f**2. Determine k(v).
-6
Let o(t) = -3*t**3 - t**2 - 6*t + 4. Let w(m) = -2*m**3 - 5*m + 3. Let p(h) = -3*o(h) + 4*w(h). Let j(d) = d**2 - 4*d - 7. Let r be j(5). What is p(r)?
8
Let v(p) = -2 - 5*p**3 + 6*p**3 + 0*p**3. Let y be (3/(-2))/(6/(-8)). Give v(y).
6
Let m be -1 + (3 - 22/12). Let y(c) be the second derivative of 0 + m*c**3 + 3/2*c**2 + c. Calculate y(-3).
0
Let f(p) = -43*p**2 + 25*p**2 + 18*p**2 + 1 - 3*p + p**3. Determine f(3).
19
Let u(i) = -3*i + 6. Let p(b) = -6 - 25*b - 6*b**2 + b**3 + 17*b**2 + 12*b. Let k be p(-12). What is u(k)?
-12
Let k(f) = -8 - 20 + 3*f - 2*f + 19. Determine k(4).
-5
Let z = -4 + 1. Let t(v) = -2*v**2 + 8*v**2 - v**2 - 15 - 13*v. Let c(o) = -2*o**2 + 6*o + 7. Let m(a) = 7*c(a) + 3*t(a). Calculate m(z).
4
Let b(g) = -2*g**2 - 8*g - 3. Let w(i) = -i**2 - 7*i - 2. Let u(k) = -2*b(k) + 3*w(k). Give u(5).
0
Let t(k) = k - 3. Let g(q) be the first derivative of 4*q**3/3 + q**2 - q - 1. Let z be g(1). Give t(z).
2
Let m(n) = -n - 1. Suppose 0*r - 2*r = 4*q + 8, -r = -4*q - 8. Determine m(r).
-1
Let x(m) be the first derivative of -m**3/6 - m**2/2 - 2*m + 1. Let t(j) be the first derivative of x(j). Give t(4).
-5
Let c(k) = -10*k**2 + k + 1. Let f be c(-1). Let n be f/5 + (-6)/2. Let g(o) = o + 10. Let x be g(n). Let b(s) = s**3 - 6*s**2 + 4*s + 3. Give b(x).
-2
Let x(r) be the second derivative of r**4/12 + r**3/2 - 5*r**2/2 - 2*r. Calculate x(-4).
-1
Let v(b)